
Let s = 3 - 3. Suppose s = -6*y + y. Let j(d) = d**2 - d - 5. Calculate j(y).
-5
Let c(o) = -o + 8. Let t = -9 + -4. Let z = t + 13. Give c(z).
8
Suppose 4*g = 2*o, -3*o - 2*o = -4*g. Let b(u) be the second derivative of u**3/6 - 5*u**2/2 - 11*u. Calculate b(o).
-5
Let i(b) = 7*b + 1. Let w be (1 - 2)/(10/10). What is i(w)?
-6
Let j(v) = -v**2 - 8*v - 2. Let z(h) = -h**2 - 7*h - 1. Let y(s) = 4*j(s) - 5*z(s). Determine y(-3).
-3
Suppose 0 = 3*o + 3*c - c + 22, -4*c = -4*o + 4. Let m = 5 + -1. Let l(f) = 2*f**2 + 3*f**3 + 4*f - m*f**3 - 7*f + 2 - 7*f**2. Determine l(o).
-2
Suppose -3*p = 5*w - 1, 4*w + 5*p = -3 - 4. Let y(x) be the first derivative of 2/3*x**3 + 0*x**w - 3 + x. Give y(-2).
9
Let d(q) = q**2 - 5*q + 1. Let v be d(2). Let l(a) be the first derivative of 2 - 2*a + 1/2*a**2. Calculate l(v).
-7
Let n(q) = -q**2 + 7. Let l(r) = r**2 - 4*r - 2. Let d be l(5). Suppose 4 = -p + d*p. Let w be ((-4)/p - -2)/2. Calculate n(w).
7
Let d(p) be the third derivative of p**6/60 - p**5/30 - p**3/3 - p**2. Let r = 15 + -11. Suppose -4*h - b - 2 = -5, 4*b + 12 = -r*h. What is d(h)?
6
Let r be 7 + -3*(-4)/(-6). Suppose 0*b = r*b - 35. Let z(y) = b + 4 - 4 + y**2 + 7*y. Give z(-5).
-3
Let d(a) = -7*a + a**2 - 4 - 5*a - 3*a + 13*a. Give d(5).
11
Let j(r) = -r**3 + 6*r**2 - 3*r + 3. Let l(u) = 2*u**2 - 15*u - 4. Let d be l(8). Determine j(d).
23
Let c(j) = -3*j**2 - 2. Let s be 36/(-21) - (-5 + (-111)/(-21)). What is c(s)?
-14
Let b(t) be the first derivative of -2 + 1/6*t**3 - t - 1/2*t**2. Let r(h) be the first derivative of b(h). Give r(-5).
-6
Suppose -3*s = 5*v - 2*v + 3, 5*s = -2*v + 4. Let l(r) = r**3 + r**2 - 3*r + 3. What is l(v)?
-6
Let p(y) = 2*y + 1. Let j be p(-3). Let l = j + 2. Let w(r) be the third derivative of -r**5/60 - r**4/12 + 2*r**3/3 - r**2. Give w(l).
1
Let a(p) = -p**2 + 7*p - 3. Let y be (-3)/4 + (-23)/(-4). Give a(y).
7
Let d(s) = 8*s**2 - 7*s + 6. Let q(o) be the second derivative of 3*o**4/4 - o**3 + 5*o**2/2 - 9*o. Let c(i) = -6*d(i) + 7*q(i). Determine c(1).
14
Let y be 288/15 + 2/(-10). Suppose -3*g - 5*w + 27 = 0, g - y = -3*g - w. Let r(m) = -3*m + 4. Calculate r(g).
-8
Let h be (-246)/(-12) - (-1)/(-2). Suppose -4*g = -4*u + 40, g + 8*u - h = 3*u. Let b(a) = 5*a - 2*a - 2*a. Give b(g).
-5
Let q = 6 - 7. Let g(j) = 3*j**2 + 5*j + 2. Let z(b) = b**2. Let f(k) = q*g(k) + 4*z(k). Calculate f(4).
-6
Let h be (-2)/3*3 + 5. Let a(z) = z**h + z**2 - 2*z**2 + 7 + 2*z + 7*z**2 + 4*z. What is a(-5)?
2
Let d(v) be the second derivative of -v**6/120 - v**5/20 + v**4/24 - 2*v**3/3 - 2*v**2 - 4*v. Let h(y) be the first derivative of d(y). Calculate h(-3).
-7
Let i(z) = -11*z - 1. Let h(j) = -32*j - 3. Let n(k) = 4*h(k) - 11*i(k). Calculate n(-3).
20
Let w(y) = 45 + 25 - 73 + y + y**2. Suppose -4*c + 14 = 2. Calculate w(c).
9
Suppose -5*p + 4 + 1 = -3*l, -3*p - 4*l = -32. Let k = p - 3. Let z(a) = -1. Let h(g) = 2*g + 3. Let v(o) = h(o) + 4*z(o). Give v(k).
1
Let c(x) = -x**2 + 3*x - 2. Let h(q) = q. Let v(k) = c(k) + 3*h(k). What is v(5)?
3
Let c(l) = l**2 - 5*l - 4. Let z be c(5). Let n be 114/22 - z/(-22). Let f(d) = -d - 3*d + 1 - 3 + 0 + d**2. Determine f(n).
3
Let v(u) be the second derivative of -u**5/20 - u**4/4 + u**3/3 - u**2/2 + 18*u. What is v(-4)?
7
Let p(b) = 3*b**3 + 5*b**2 - 3*b + 6. Let l(x) = -2*x**3 - 5*x**2 + 3*x - 5. Let c(h) = -4*l(h) - 3*p(h). Calculate c(4).
6
Suppose 5*t + 21 = 2*t. Let o(k) = k**3 + 7*k**2 + 3. What is o(t)?
3
Suppose 2*k + 0*k - 3*s + 5 = 0, 2*k + 1 = -s. Let h(b) be the second derivative of b**3/6 + b**2 + 16*b. What is h(k)?
1
Suppose s - 3*g = 3*s - 1, 2*s = 4*g + 8. Let i(v) be the third derivative of v**6/120 - v**2. Give i(s).
8
Let o(t) be the first derivative of -5/2*t**2 + 1 + 2*t. Let q be (-1 - -1) + 1 + 1. Calculate o(q).
-8
Let m(d) = 1 + 3*d**2 + 3*d - 2*d**2 - 5. Let i be m(-4). Let c be i - 0 - (-3 + 1). Let t(x) = -3*x**2 + 3*x - 2. Give t(c).
-8
Suppose -j + 4 = 0, b = 4*j - 0*j - 21. Let u(n) = -n**2 - 6*n - 5. Give u(b).
0
Suppose -b - 2*y + 2 = 0, 0 = y + y - 4. Let d(c) = c**2 - 7*c + 9*c - 3*c + 2*c**3 - c**3. Give d(b).
-2
Let h(c) = c**3 - 2*c**2 - c + 2. Suppose 13 = 4*w + 5. Let s(y) = 2*y - 2. Let q be s(w). Suppose 0 = -7*b + q*b + 10. Determine h(b).
0
Let j(d) = -6*d**3 + 2*d + 1. Let g = 10 + -7. Suppose -f - 4*u = -3, 0 = f - g*u - 1 + 5. Calculate j(f).
5
Suppose 4*b = 4*c + 28, -6 = -18*b + 16*b. Let x(l) = 3*l + 2. Calculate x(c).
-10
Let c = 0 - -2. Let q(f) be the third derivative of -f**6/180 + f**5/40 - f**4/24 - f**3/6 + 2*f**2. Let o(v) be the first derivative of q(v). What is o(c)?
-3
Let x be (2/(-6))/((-3)/9). Let k(p) = -2*p - 1. Let i(n) = 3*n + 2. Let v = -15 + 6. Let w(h) = v*k(h) - 4*i(h). Give w(x).
7
Let k(y) = 2*y - 12. Let b be (-166)/(-18) + 5 + (-141)/27. Calculate k(b).
6
Let p(t) = t**2 + 3*t - 3. Let u be ((-3)/(-9) - 0)*-9. Calculate p(u).
-3
Let k(x) = x**2 + 4 + x + 1 - 2*x. Let z = -4 + 10. Suppose -r - 5*b = -15, 3*r - z*b = -b - 15. Give k(r).
5
Suppose -t - 2 = -v - 5*t, 3*v + 2*t - 36 = 0. Let s = 7 - v. Let f(k) = -k**2 - 7*k + 7. Calculate f(s).
7
Let x(y) = -y**2 + 2. Suppose -9 = -3*q - 0. Determine x(q).
-7
Let y(n) = -3*n + 2. Let b = -22 + 19. Determine y(b).
11
Let a(p) = p**3 + 8*p**2 + 8*p - 3. Let u = -116 - -109. Determine a(u).
-10
Let r(f) be the second derivative of f**5/4 + f**4/12 - f**3/3 + f**2/2 - 7*f. Give r(1).
5
Let c(h) = 13*h**2 + 8*h - 19. Let y(z) = 7*z**2 + 4*z - 10. Let s(x) = 6*c(x) - 11*y(x). Give s(-4).
-4
Let u(r) = r - 5. Let n be u(5). Let j(d) = -8 - d**3 + d + 1 + n. Give j(0).
-7
Let c(d) be the second derivative of d**4/6 + d**2/2 + 6*d. Give c(-2).
9
Suppose 5*m + 3*d = 0, 4*m + 4*d - 5*d = 0. Let b(t) be the third derivative of 0*t + 1/6*t**3 + 1/120*t**6 + 1/12*t**5 + 1/6*t**4 + m - t**2. Calculate b(-4).
1
Let f(i) = i - 2. Let k(d) = 8. Let m(p) = 4*f(p) + k(p). What is m(-5)?
-20
Let i(n) = 2 - 2 - 1 - 4*n - 5*n**2 - 5 - n**3. Give i(-4).
-6
Let u(m) = -12*m - 1. Let c be u(-2). Suppose -g = -2*h - 10, 2*g - 3*h - 2*h - c = 0. Let z(b) = -b**3 + 5*b**2 - 5*b + 3. Give z(g).
-1
Let o(z) = -6*z**2 - 4*z - 2. Let h(n) = 5*n**2 + 4*n + 2. Let p(b) = 3*h(b) + 2*o(b). Determine p(-2).
6
Let v(h) = -2 + 0 - 9*h + 8*h. What is v(-4)?
2
Let s(t) be the second derivative of 5/6*t**3 + 1/2*t**2 + 0 + t. Give s(1).
6
Let o(f) be the second derivative of -1/20*f**5 - 1/3*f**4 + 0 - 1/6*f**3 - 3*f + 2*f**2. Give o(-3).
-2
Let g(d) = d**2 + 5*d + 5. Suppose -4*j = -4*a - 5*j - 21, 4*a + 3*j + 31 = 0. Determine g(a).
1
Let i(s) be the third derivative of 5*s**4/8 - s**3/6 - 22*s**2. What is i(1)?
14
Let q = -2 - 3. Let p(c) = -c**3 - c**2 + 2*c + 2. Let m be p(-2). Let h(n) = -5*n**m + 6 - 3*n + 0*n**2 + 4*n**2. Determine h(q).
-4
Let v = 6 + -6. Suppose -i + 3*i = v. Let k(f) = i + f + f - 3*f + 1. Give k(0).
1
Let a(k) be the second derivative of k**5/10 + 2*k**4/3 + k**3 + 2*k**2 - 6*k. Let f(s) = s**3 + 4*s**2 + 3*s + 2. Let z(b) = -6*a(b) + 11*f(b). Give z(-3).
-2
Let u = -47 - -50. Let s(w) = w**2 - 3*w - 3. Determine s(u).
-3
Let d be (1/4)/(3/12). Let f be d - (2 - (-6)/(-2)). Suppose -f*x = -x + 2. Let z(s) = -4*s - 1. Give z(x).
7
Let p(x) = -2 + 5*x - 14*x - 6*x + 1 + 7*x**2. Suppose -3*o = o - 8. Let k(b) = -3*b**2 + 7*b + 1. Let m(l) = o*p(l) + 5*k(l). What is m(3)?
9
Let f(u) be the first derivative of -8*u - 1 + 1/2*u**2. Suppose 3*i = 9 + 3. Calculate f(i).
-4
Let d(v) = -72 - 3*v + 74 + 5*v. Let y be (-1)/3 - 16/6. Calculate d(y).
-4
Let w(m) = -10*m + m - m**2 + 8*m. Let f be ((-2)/4)/(2/8). Give w(f).
-2
Suppose i + 4*i + 5*t = -95, 10 = -5*t. Let s = 13 + i. Let k(p) be the first derivative of -p**2/2 - 5*p + 1. Calculate k(s).
-1
Let d(r) = 2*r + 5. Let i be (1/2)/(5/30). Suppose i*b = 3, o + 3*o - b + 21 = 0. Give d(o).
-5
Let u(j) = -j**3 + 3*j**2. Suppose p - 9 = -p + i, -2*p - 3*i - 11 = 0. Let t = 3 + -2. Let n = p + t. What is u(n)?
0
Let w(q) be the first derivative of q**2 + 5*q - 120. Suppose -4*u + x = -x - 28, 4*u - 34 = -x. Suppose -1 = -h - 0, u = -2*f - 2*h. Calculate w(f).
-5
Let f be 6 + -2 + 2 + -2. Let p(n) = 4*n**3 + 2*n - 3*n - 7 - 3*n**3 + 10 - 4*n**2. What is p(f)?
-1
Let n = -1/30 + 1/5. Let k(g) be the third derivative of 0*g - 1/6*g**4 + 0 - n*